{"id":45,"date":"2020-07-06T11:24:38","date_gmt":"2020-07-06T15:24:38","guid":{"rendered":"http:\/\/chilerecupera.cl\/?page_id=45"},"modified":"2020-12-22T20:32:21","modified_gmt":"2020-12-23T00:32:21","slug":"consultoria","status":"publish","type":"page","link":"https:\/\/chilerecupera.cl\/index.php\/consultoria\/","title":{"rendered":"Consultor\u00eda Medioambiental"},"content":{"rendered":"\n<figure class=\"wp-block-image alignwide size-large is-style-rounded\"><img loading=\"lazy\" width=\"1024\" height=\"576\" src=\"https:\/\/chilerecupera.cl\/wp-content\/uploads\/2020\/07\/cONSULTORIA-2-1024x576.jpg\" alt=\"\" class=\"wp-image-245\" srcset=\"https:\/\/chilerecupera.cl\/wp-content\/uploads\/2020\/07\/cONSULTORIA-2-1024x576.jpg 1024w, https:\/\/chilerecupera.cl\/wp-content\/uploads\/2020\/07\/cONSULTORIA-2-300x169.jpg 300w, https:\/\/chilerecupera.cl\/wp-content\/uploads\/2020\/07\/cONSULTORIA-2-768x432.jpg 768w, https:\/\/chilerecupera.cl\/wp-content\/uploads\/2020\/07\/cONSULTORIA-2.jpg 1280w\" sizes=\"(max-width: 1024px) 100vw, 1024px\" \/><\/figure>\n\n\n\n<h2>\u00bfCu\u00e1l es su objetivo?<\/h2>\n\n\n\n<p>Optimizar los recursos utilizados en los procesos productivos y comerciales generando el m\u00ednimo impacto en el medio ambiente.<\/p>\n\n\n\n<h2>Desde Recupera<\/h2>\n\n\n\n<p>Como parte del servicio, ofrecemos servicios integrales de asesoramiento y consultor\u00eda&nbsp;medioambiental.<\/p>\n\n\n\n<p>Te asesoramos y ayudamos para que cumplas todas tus obligaciones como productor de residuos. Adem\u00e1s, nos encargamos de buscar las mejores soluciones a la gesti\u00f3n de residuos de tu empresa adapt\u00e1ndonos a tu realidad y as\u00ed ayudarte en el ahorro econ\u00f3mico, energ\u00e9tico y de emisiones CO2.<\/p>\n\n\n\n<h2><strong>Servicio de Consultor\u00eda Ambiental<\/strong><\/h2>\n\n\n\n<figure class=\"wp-block-image size-large\"><img loading=\"lazy\" width=\"638\" height=\"408\" src=\"https:\/\/chilerecupera.cl\/wp-content\/uploads\/2020\/08\/consultoria.png\" alt=\"\" class=\"wp-image-295\" srcset=\"https:\/\/chilerecupera.cl\/wp-content\/uploads\/2020\/08\/consultoria.png 638w, https:\/\/chilerecupera.cl\/wp-content\/uploads\/2020\/08\/consultoria-300x192.png 300w\" sizes=\"(max-width: 638px) 100vw, 638px\" \/><\/figure>\n\n\n\n<figure class=\"wp-block-image alignfull size-large is-style-default\"><img loading=\"lazy\" width=\"1024\" height=\"576\" src=\"https:\/\/chilerecupera.cl\/wp-content\/uploads\/2020\/07\/Consultr\u00eda-1024x576.jpg\" alt=\"\" class=\"wp-image-254\" srcset=\"https:\/\/chilerecupera.cl\/wp-content\/uploads\/2020\/07\/Consultr\u00eda-1024x576.jpg 1024w, https:\/\/chilerecupera.cl\/wp-content\/uploads\/2020\/07\/Consultr\u00eda-300x169.jpg 300w, https:\/\/chilerecupera.cl\/wp-content\/uploads\/2020\/07\/Consultr\u00eda-768x432.jpg 768w, https:\/\/chilerecupera.cl\/wp-content\/uploads\/2020\/07\/Consultr\u00eda.jpg 1280w\" sizes=\"(max-width: 1024px) 100vw, 1024px\" \/><\/figure>\n","protected":false},"excerpt":{"rendered":"<p>\u00bfCu\u00e1l es su objetivo? Optimizar los recursos utilizados en los procesos productivos y comerciales generando el m\u00ednimo impacto en el medio ambiente. Desde Recupera Como parte del servicio, ofrecemos servicios integrales de asesoramiento y consultor\u00eda&nbsp;medioambiental. Te asesoramos y ayudamos para que cumplas todas tus obligaciones como productor de residuos. Adem\u00e1s, nos encargamos de buscar las [&hellip;]<\/p>\n","protected":false},"author":1,"featured_media":0,"parent":0,"menu_order":0,"comment_status":"closed","ping_status":"closed","template":"","meta":[],"_links":{"self":[{"href":"https:\/\/chilerecupera.cl\/index.php\/wp-json\/wp\/v2\/pages\/45"}],"collection":[{"href":"https:\/\/chilerecupera.cl\/index.php\/wp-json\/wp\/v2\/pages"}],"about":[{"href":"https:\/\/chilerecupera.cl\/index.php\/wp-json\/wp\/v2\/types\/page"}],"author":[{"embeddable":true,"href":"https:\/\/chilerecupera.cl\/index.php\/wp-json\/wp\/v2\/users\/1"}],"replies":[{"embeddable":true,"href":"https:\/\/chilerecupera.cl\/index.php\/wp-json\/wp\/v2\/comments?post=45"}],"version-history":[{"count":14,"href":"https:\/\/chilerecupera.cl\/index.php\/wp-json\/wp\/v2\/pages\/45\/revisions"}],"predecessor-version":[{"id":321,"href":"https:\/\/chilerecupera.cl\/index.php\/wp-json\/wp\/v2\/pages\/45\/revisions\/321"}],"wp:attachment":[{"href":"https:\/\/chilerecupera.cl\/index.php\/wp-json\/wp\/v2\/media?parent=45"}],"curies":[{"name":"wp","href":"https:\/\/api.w.org\/{rel}","templated":true}]}}