{"id":43,"date":"2020-07-06T11:24:38","date_gmt":"2020-07-06T15:24:38","guid":{"rendered":"http:\/\/chilerecupera.cl\/?page_id=43"},"modified":"2020-07-26T20:46:53","modified_gmt":"2020-07-27T00:46:53","slug":"quienes-somos","status":"publish","type":"page","link":"https:\/\/chilerecupera.cl\/index.php\/quienes-somos\/","title":{"rendered":"\u00bfQui\u00e9nes somos?"},"content":{"rendered":"\n<div class=\"wp-block-image\"><figure class=\"aligncenter size-large\"><img loading=\"lazy\" width=\"1024\" height=\"576\" src=\"https:\/\/chilerecupera.cl\/wp-content\/uploads\/2020\/07\/iNGRESO-Y-QUIENES-SOMOS-1024x576.jpg\" alt=\"\" class=\"wp-image-136\" srcset=\"https:\/\/chilerecupera.cl\/wp-content\/uploads\/2020\/07\/iNGRESO-Y-QUIENES-SOMOS-1024x576.jpg 1024w, https:\/\/chilerecupera.cl\/wp-content\/uploads\/2020\/07\/iNGRESO-Y-QUIENES-SOMOS-300x169.jpg 300w, https:\/\/chilerecupera.cl\/wp-content\/uploads\/2020\/07\/iNGRESO-Y-QUIENES-SOMOS-768x432.jpg 768w, https:\/\/chilerecupera.cl\/wp-content\/uploads\/2020\/07\/iNGRESO-Y-QUIENES-SOMOS.jpg 1280w\" sizes=\"(max-width: 1024px) 100vw, 1024px\" \/><\/figure><\/div>\n\n\n<p>Recupera, empresa de servicios ambientales conformada por un equipo de expertos dedicados a la gesti\u00f3n integral de residuos peligrosos y no peligrosos, para su&nbsp;<strong><u>recuperaci\u00f3n y valorizaci\u00f3n<\/u><\/strong>. Nuestros servicios abarcan desde el arriendo de Equipos, la Recogida y Transporte de Residuos, hasta su disposici\u00f3n final autorizada, as\u00ed como tambi\u00e9n su <strong><u>Valorizaci\u00f3n (Reutilizaci\u00f3n y reciclaje)<\/u><\/strong>.<\/p>\n<p><strong>Alcance<\/strong><\/p>\n<p>Estamos ubicados f\u00edsicamente y estrat\u00e9gicamente en Santiago (San Bernardo, a metros de la Ruta 5) lo que nos permite entregar servicios personalizados y responsables en todo Chile.<\/p>\n<p>Contamos con flota de transporte propia y formamos alianzas ambientales con empresas de transportes autorizadas, lo que nos permite prestar servicios de calidad a lo largo y ancho de todo Chile.<\/p>\n<p><strong>Ofrecemos<\/strong><\/p>\n<p>Un servicio personalizado para un correcto manejo y gesti\u00f3n de tus&nbsp;<strong>Residuos Peligrosos y No Peligrosos&nbsp;<\/strong>siempre bajo el cumplimiento del marco legal vigente, permitiendo a tu empresa u organizaci\u00f3n contar con todos los certificados y documentaci\u00f3n medioambientales necesarios para superar con \u00e9xito las auditor\u00edas, inspecciones o fiscalizaciones. Para ello, contamos adem\u00e1s con un servicio de <strong>Consultor\u00eda Medioambiental<\/strong>&nbsp;realizado por expertos que pone el broche de oro a todas las actividades realizadas que as\u00ed lo requieran.<\/p>\n<p><strong>Formamos alianzas<\/strong><\/p>\n<p>Somos el aliado perfecto para trabajar codo a codo con empresas u organizaciones, cumpliendo de buena forma a sus objetivos de responsabilidad medioambiental y proyectar una imagen a la altura con el compromiso adquirido hacia sus clientes y hacia la comunidad.<\/p>\n<p>Adquirimos un compromiso social y medioambiental por lo que formamos alianzas con distintas empresas u organizaciones que nos permiten realizar una correcta gesti\u00f3n de los residuos (en su transporte y disposici\u00f3n final), maximizando la reutilizaci\u00f3n o reciclaje de estos no solo en procesos productivos, sino tambi\u00e9n en actividades socio-ambientales.<\/p>\n\n\n<figure class=\"wp-block-gallery columns-1 is-cropped\"><ul class=\"blocks-gallery-grid\"><li class=\"blocks-gallery-item\"><figure><img loading=\"lazy\" width=\"1024\" height=\"576\" src=\"https:\/\/chilerecupera.cl\/wp-content\/uploads\/2020\/07\/Diapositiva1-1-1024x576.jpg\" alt=\"\" data-id=\"219\" data-full-url=\"https:\/\/chilerecupera.cl\/wp-content\/uploads\/2020\/07\/Diapositiva1-1.jpg\" data-link=\"https:\/\/chilerecupera.cl\/index.php\/quienes-somos\/diapositiva1-1\/\" class=\"wp-image-219\" srcset=\"https:\/\/chilerecupera.cl\/wp-content\/uploads\/2020\/07\/Diapositiva1-1-1024x576.jpg 1024w, https:\/\/chilerecupera.cl\/wp-content\/uploads\/2020\/07\/Diapositiva1-1-300x169.jpg 300w, https:\/\/chilerecupera.cl\/wp-content\/uploads\/2020\/07\/Diapositiva1-1-768x432.jpg 768w, https:\/\/chilerecupera.cl\/wp-content\/uploads\/2020\/07\/Diapositiva1-1.jpg 1280w\" sizes=\"(max-width: 1024px) 100vw, 1024px\" \/><\/figure><\/li><\/ul><\/figure>\n","protected":false},"excerpt":{"rendered":"<p>Recupera, empresa de servicios ambientales conformada por un equipo de expertos dedicados a la gesti\u00f3n integral de residuos peligrosos y no peligrosos, para su&nbsp;recuperaci\u00f3n y valorizaci\u00f3n. Nuestros servicios abarcan desde el arriendo de Equipos, la Recogida y Transporte de Residuos, hasta su disposici\u00f3n final autorizada, as\u00ed como tambi\u00e9n su Valorizaci\u00f3n (Reutilizaci\u00f3n y reciclaje). Alcance Estamos [&hellip;]<\/p>\n","protected":false},"author":1,"featured_media":0,"parent":0,"menu_order":0,"comment_status":"closed","ping_status":"closed","template":"","meta":[],"_links":{"self":[{"href":"https:\/\/chilerecupera.cl\/index.php\/wp-json\/wp\/v2\/pages\/43"}],"collection":[{"href":"https:\/\/chilerecupera.cl\/index.php\/wp-json\/wp\/v2\/pages"}],"about":[{"href":"https:\/\/chilerecupera.cl\/index.php\/wp-json\/wp\/v2\/types\/page"}],"author":[{"embeddable":true,"href":"https:\/\/chilerecupera.cl\/index.php\/wp-json\/wp\/v2\/users\/1"}],"replies":[{"embeddable":true,"href":"https:\/\/chilerecupera.cl\/index.php\/wp-json\/wp\/v2\/comments?post=43"}],"version-history":[{"count":13,"href":"https:\/\/chilerecupera.cl\/index.php\/wp-json\/wp\/v2\/pages\/43\/revisions"}],"predecessor-version":[{"id":220,"href":"https:\/\/chilerecupera.cl\/index.php\/wp-json\/wp\/v2\/pages\/43\/revisions\/220"}],"wp:attachment":[{"href":"https:\/\/chilerecupera.cl\/index.php\/wp-json\/wp\/v2\/media?parent=43"}],"curies":[{"name":"wp","href":"https:\/\/api.w.org\/{rel}","templated":true}]}}