{"id":256,"date":"2020-07-26T21:43:56","date_gmt":"2020-07-27T01:43:56","guid":{"rendered":"http:\/\/chilerecupera.cl\/?page_id=256"},"modified":"2020-12-22T20:33:20","modified_gmt":"2020-12-23T00:33:20","slug":"como-lo-hacemos","status":"publish","type":"page","link":"https:\/\/chilerecupera.cl\/index.php\/como-lo-hacemos\/","title":{"rendered":"\u00bfC\u00f3mo lo hacemos?"},"content":{"rendered":"\n<figure class=\"wp-block-image alignfull size-large is-style-rounded\"><img loading=\"lazy\" width=\"1024\" height=\"576\" src=\"https:\/\/chilerecupera.cl\/wp-content\/uploads\/2020\/07\/gESTI\u00d3N-DE-RESIUDOS-2-1024x576.jpg\" alt=\"\" class=\"wp-image-272\" srcset=\"https:\/\/chilerecupera.cl\/wp-content\/uploads\/2020\/07\/gESTI\u00d3N-DE-RESIUDOS-2-1024x576.jpg 1024w, https:\/\/chilerecupera.cl\/wp-content\/uploads\/2020\/07\/gESTI\u00d3N-DE-RESIUDOS-2-300x169.jpg 300w, https:\/\/chilerecupera.cl\/wp-content\/uploads\/2020\/07\/gESTI\u00d3N-DE-RESIUDOS-2-768x432.jpg 768w, https:\/\/chilerecupera.cl\/wp-content\/uploads\/2020\/07\/gESTI\u00d3N-DE-RESIUDOS-2.jpg 1280w\" sizes=\"(max-width: 1024px) 100vw, 1024px\" \/><\/figure>\n\n\n\n<p>Entregamos un servicio insitu personalizado para un correcto manejo y gesti\u00f3n de tus&nbsp;<strong>Residuos Peligrosos y No Peligrosos&nbsp;<\/strong>siempre bajo el cumplimiento del marco legal vigente, permitiendo a tu empresa u organizaci\u00f3n contar con todos los certificados y documentaci\u00f3n medioambientales necesarios para superar con \u00e9xito las auditor\u00edas, inspecciones o fiscalizaciones. Para ello, contamos adem\u00e1s con un servicio de <strong>Consultor\u00eda Medioambiental<\/strong>&nbsp;realizado por expertos que pone el broche de oro a todas las actividades realizadas que as\u00ed lo requieran.<\/p>\n\n\n\n<h2><strong>Nuestra forma de operar<\/strong><\/h2>\n\n\n\n<p>El proceso realizado en el manejo y gesti\u00f3n de los residuos se puede resumir de la siguiente manera:<\/p>\n\n\n\n<h3><strong>Primeros pasos<\/strong><\/h3>\n\n\n\n<ul><li><strong>Diagn\u00f3stico inicial<\/strong>: Se realiza un levantamiento y revisi\u00f3n de todos los procesos productivos para identificar los tipos de residuos generados y definir su mejor tratamiento y forma de segregaci\u00f3n.<\/li><\/ul>\n\n\n\n<ul><li><strong>Propuesta de gesti\u00f3n<\/strong>: Se entregan todos lineamientos que permitan desarrollar un correcto manejo de los residuos desde su segregaci\u00f3n en origen hasta su tratamiento para potenciar la recuperaci\u00f3n para su reutilizaci\u00f3n o reciclaje. Todo lo anterior adaptado a las necesidades y realidad espec\u00edficas del cliente buscando siempre la mejor relaci\u00f3n calidad-precio para el mismo.<\/li><\/ul>\n\n\n\n<h3><strong>Ya en el servicio<\/strong><\/h3>\n\n\n\n<ul><li><strong>Segregaci\u00f3n en origen<\/strong>: Instalaci\u00f3n de recept\u00e1culos o contenedores apropiados para cada residuo identificado que permita su correcta separaci\u00f3n para su tratamiento posterior. En cada inicio de operaci\u00f3n se realizan charlas o capacitaciones a todo el personal para indicando la funci\u00f3n y prop\u00f3sito de la segregaci\u00f3n en origen.<\/li><\/ul>\n\n\n\n<ul><li><strong>Tratamiento<\/strong>: Nuestro personal especializado en la identificaci\u00f3n y manejo de cada uno de los residuos ser\u00e1n quienes someter\u00e1n a destrucci\u00f3n, compactaci\u00f3n, trituraci\u00f3n, ensacado, etc cada uno de los residuos generados.<\/li><\/ul>\n\n\n\n<ul><li><strong>Seguridad<\/strong>: Todas las maquinarias y equipos utilizados por Recupera cuentan con un alto est\u00e1ndar de calidad y seguridad, disminuyendo as\u00ed los potenciales riegos hacia nuestros operarios quienes adem\u00e1s cuentan con los elementos de protecci\u00f3n personal apropiados para cada labor y los procedimientos necesarios para desarrollar nuestras actividades de la forma m\u00e1s segura.<\/li><\/ul>\n\n\n\n<ul><li><strong>Pesaje y transparencia<\/strong>: Todos los residuos obtenidos y listos para ser reutilizados o reciclados salen de las dependencias de nuestras empresas generadoras con los pesos ya establecidos para asegurar una informaci\u00f3n fidedigna y confiable.<\/li><\/ul>\n\n\n\n<ul><li><strong>Transporte y disposici\u00f3n final<\/strong>: Una vez que se cuenta con la carga completa para retiro (transporte eficiente) se realiza el retiro de los residuos mediante un transporte que cuenta con la resoluci\u00f3n sanitaria correspondiente y traslada los residuos de forma segura hacia su disposici\u00f3n final autorizada.<\/li><\/ul>\n\n\n\n<ul><li><strong>De la Cuna a la Tumba<\/strong>: Dentro de los primeros d\u00edas del mes siguiente se entregan los documentos de trazabilidad, en donde se detalla toda la ruta de los residuos generados el mes anterior desde la salida de la empresa generadora hasta su disposici\u00f3n final autorizada.<\/li><\/ul>\n\n\n\n<p>En Recupera, realizamos una correcta gesti\u00f3n de tus Residuos Peligrosos y No Peligrosos cumplimiento siempre el marco legal vigente, y asesoramos a tu empresa para que cumplas todas tus obligaciones como productor de residuos<\/p>\n\n\n\n<p>SERVICIO ORIENTADOS A:<\/p>\n\n\n\n<h3><strong>INDUSTRIAS<br>MEDIANAS EMPRESAS<br>EDIFICIOS DE OFICINAS<br>OTRAS ORGANIZACIONES<\/strong><\/h3>\n\n\n\n<figure class=\"wp-block-gallery aligncenter columns-1 is-cropped\"><ul class=\"blocks-gallery-grid\"><li class=\"blocks-gallery-item\"><figure><img loading=\"lazy\" width=\"1024\" height=\"576\" src=\"https:\/\/chilerecupera.cl\/wp-content\/uploads\/2020\/07\/residuos-no-peligrosos-Tratameintos-1-1024x576.jpg\" alt=\"\" data-id=\"279\" data-link=\"https:\/\/chilerecupera.cl\/index.php\/como-lo-hacemos\/residuos-no-peligrosos-tratameintos-1\/\" class=\"wp-image-279\" srcset=\"https:\/\/chilerecupera.cl\/wp-content\/uploads\/2020\/07\/residuos-no-peligrosos-Tratameintos-1-1024x576.jpg 1024w, https:\/\/chilerecupera.cl\/wp-content\/uploads\/2020\/07\/residuos-no-peligrosos-Tratameintos-1-300x169.jpg 300w, https:\/\/chilerecupera.cl\/wp-content\/uploads\/2020\/07\/residuos-no-peligrosos-Tratameintos-1-768x432.jpg 768w, https:\/\/chilerecupera.cl\/wp-content\/uploads\/2020\/07\/residuos-no-peligrosos-Tratameintos-1.jpg 1280w\" sizes=\"(max-width: 1024px) 100vw, 1024px\" \/><\/figure><\/li><li class=\"blocks-gallery-item\"><figure><img loading=\"lazy\" width=\"1024\" height=\"576\" src=\"https:\/\/chilerecupera.cl\/wp-content\/uploads\/2020\/07\/residuos-no-peligrosos-Tratameintos-2-1024x576.jpg\" alt=\"\" data-id=\"280\" data-link=\"https:\/\/chilerecupera.cl\/index.php\/como-lo-hacemos\/residuos-no-peligrosos-tratameintos-2\/\" class=\"wp-image-280\" srcset=\"https:\/\/chilerecupera.cl\/wp-content\/uploads\/2020\/07\/residuos-no-peligrosos-Tratameintos-2-1024x576.jpg 1024w, https:\/\/chilerecupera.cl\/wp-content\/uploads\/2020\/07\/residuos-no-peligrosos-Tratameintos-2-300x169.jpg 300w, https:\/\/chilerecupera.cl\/wp-content\/uploads\/2020\/07\/residuos-no-peligrosos-Tratameintos-2-768x432.jpg 768w, https:\/\/chilerecupera.cl\/wp-content\/uploads\/2020\/07\/residuos-no-peligrosos-Tratameintos-2.jpg 1280w\" sizes=\"(max-width: 1024px) 100vw, 1024px\" \/><\/figure><\/li><li class=\"blocks-gallery-item\"><figure><img loading=\"lazy\" width=\"1024\" height=\"576\" src=\"https:\/\/chilerecupera.cl\/wp-content\/uploads\/2020\/07\/residuos-no-peligrosos-Tratameintos-3-1024x576.jpg\" alt=\"\" data-id=\"281\" data-link=\"https:\/\/chilerecupera.cl\/index.php\/como-lo-hacemos\/residuos-no-peligrosos-tratameintos-3\/\" class=\"wp-image-281\" srcset=\"https:\/\/chilerecupera.cl\/wp-content\/uploads\/2020\/07\/residuos-no-peligrosos-Tratameintos-3-1024x576.jpg 1024w, https:\/\/chilerecupera.cl\/wp-content\/uploads\/2020\/07\/residuos-no-peligrosos-Tratameintos-3-300x169.jpg 300w, https:\/\/chilerecupera.cl\/wp-content\/uploads\/2020\/07\/residuos-no-peligrosos-Tratameintos-3-768x432.jpg 768w, https:\/\/chilerecupera.cl\/wp-content\/uploads\/2020\/07\/residuos-no-peligrosos-Tratameintos-3.jpg 1280w\" sizes=\"(max-width: 1024px) 100vw, 1024px\" \/><\/figure><\/li><\/ul><\/figure>\n\n\n\n<figure class=\"wp-block-image alignfull size-large\"><img loading=\"lazy\" width=\"1024\" height=\"576\" src=\"https:\/\/chilerecupera.cl\/wp-content\/uploads\/2020\/07\/Diapositiva6-1-1024x576.jpg\" alt=\"\" class=\"wp-image-271\" srcset=\"https:\/\/chilerecupera.cl\/wp-content\/uploads\/2020\/07\/Diapositiva6-1-1024x576.jpg 1024w, https:\/\/chilerecupera.cl\/wp-content\/uploads\/2020\/07\/Diapositiva6-1-300x169.jpg 300w, https:\/\/chilerecupera.cl\/wp-content\/uploads\/2020\/07\/Diapositiva6-1-768x432.jpg 768w, https:\/\/chilerecupera.cl\/wp-content\/uploads\/2020\/07\/Diapositiva6-1.jpg 1280w\" sizes=\"(max-width: 1024px) 100vw, 1024px\" \/><\/figure>\n\n\n\n<p><\/p>\n","protected":false},"excerpt":{"rendered":"<p>Entregamos un servicio insitu personalizado para un correcto manejo y gesti\u00f3n de tus&nbsp;Residuos Peligrosos y No Peligrosos&nbsp;siempre bajo el cumplimiento del marco legal vigente, permitiendo a tu empresa u organizaci\u00f3n contar con todos los certificados y documentaci\u00f3n medioambientales necesarios para superar con \u00e9xito las auditor\u00edas, inspecciones o fiscalizaciones. Para ello, contamos adem\u00e1s con un servicio [&hellip;]<\/p>\n","protected":false},"author":1,"featured_media":0,"parent":0,"menu_order":0,"comment_status":"closed","ping_status":"closed","template":"","meta":[],"_links":{"self":[{"href":"https:\/\/chilerecupera.cl\/index.php\/wp-json\/wp\/v2\/pages\/256"}],"collection":[{"href":"https:\/\/chilerecupera.cl\/index.php\/wp-json\/wp\/v2\/pages"}],"about":[{"href":"https:\/\/chilerecupera.cl\/index.php\/wp-json\/wp\/v2\/types\/page"}],"author":[{"embeddable":true,"href":"https:\/\/chilerecupera.cl\/index.php\/wp-json\/wp\/v2\/users\/1"}],"replies":[{"embeddable":true,"href":"https:\/\/chilerecupera.cl\/index.php\/wp-json\/wp\/v2\/comments?post=256"}],"version-history":[{"count":5,"href":"https:\/\/chilerecupera.cl\/index.php\/wp-json\/wp\/v2\/pages\/256\/revisions"}],"predecessor-version":[{"id":322,"href":"https:\/\/chilerecupera.cl\/index.php\/wp-json\/wp\/v2\/pages\/256\/revisions\/322"}],"wp:attachment":[{"href":"https:\/\/chilerecupera.cl\/index.php\/wp-json\/wp\/v2\/media?parent=256"}],"curies":[{"name":"wp","href":"https:\/\/api.w.org\/{rel}","templated":true}]}}